{"id":563,"date":"2021-12-13T04:15:18","date_gmt":"2021-12-13T04:15:18","guid":{"rendered":"https:\/\/blockart-agency.sites.qsandbox.com\/?page_id=563"},"modified":"2024-02-23T12:40:48","modified_gmt":"2024-02-23T12:40:48","slug":"about","status":"publish","type":"page","link":"https:\/\/basarco.com.tr\/?page_id=563","title":{"rendered":"Hakk\u0131m\u0131zda"},"content":{"rendered":"\n<div class=\"blockart-section blockart-section-05875b6b\"><div class=\"blockart-container\"><div class=\"blockart-section-inner\">\n<div class=\"blockart-column blockart-column-6186bd46\"><div class=\"blockart-column-inner\">\n<figure class=\"blockart-image blockart-image-06dcbea6\"><img fetchpriority=\"high\" decoding=\"async\" width=\"2560\" height=\"1920\" class=\"wp-image-1183 hover-effect-static filter-none mask mask-none\" src=\"https:\/\/basarco.com.tr\/wp-content\/uploads\/2024\/02\/IMG_0884-scaled.jpg\" alt=\"\" srcset=\"https:\/\/basarco.com.tr\/wp-content\/uploads\/2024\/02\/IMG_0884-scaled.jpg 2560w, https:\/\/basarco.com.tr\/wp-content\/uploads\/2024\/02\/IMG_0884-300x225.jpg 300w, https:\/\/basarco.com.tr\/wp-content\/uploads\/2024\/02\/IMG_0884-1024x768.jpg 1024w, https:\/\/basarco.com.tr\/wp-content\/uploads\/2024\/02\/IMG_0884-768x576.jpg 768w, https:\/\/basarco.com.tr\/wp-content\/uploads\/2024\/02\/IMG_0884-1536x1152.jpg 1536w, https:\/\/basarco.com.tr\/wp-content\/uploads\/2024\/02\/IMG_0884-2048x1536.jpg 2048w, https:\/\/basarco.com.tr\/wp-content\/uploads\/2024\/02\/IMG_0884-600x450.jpg 600w\" sizes=\"(max-width: 2560px) 100vw, 2560px\" \/><\/figure>\n<\/div><\/div>\n\n\n\n<div class=\"blockart-column blockart-column-8dfdd3dd\"><div class=\"blockart-column-inner\">\n<h2 class=\"blockart-heading blockart-heading-248d44f0\"><a href=\"https:\/\/basarco.com.tr\/?page_id=563\">Hakk\u0131m\u0131zda<\/a><\/h2>\n\n\n\n<p class=\"blockart-paragraph blockart-paragraph-5ddea1cc\">BA\u015eAR Ambalaj, &#8220;Ayd\u0131n Plastik A.\u015e.&#8221; ve &#8220;Modes A.\u015e.&#8221; firmalar\u0131n\u0131n 1978 senesinde faaliyetlerini birle\u015ftirmeleri neticesinde kurulmu\u015f, 1980 senesinde resmi olarak anonim \u015firket vasf\u0131 kazanm\u0131\u015ft\u0131r.<\/p>\n\n\n\n<p class=\"blockart-paragraph blockart-paragraph-dac452d1\">Zaman i\u00e7erisinde farkl\u0131 lokasyonlarda faaliyetlerini s\u00fcrd\u00fcren BA\u015eAR Ambalaj, son olarak 4.Levent&#8217;te bulunan kendisine ait 5.000 metrekare \u00fcretim alan\u0131na sahip tesislerine yerle\u015fmi\u015ftir ve halen burada faaliyetlerini s\u00fcrd\u00fcrmektedir.<\/p>\n<\/div><\/div>\n<\/div><\/div><\/div>\n\n\n\n<div class=\"blockart-section blockart-section-566c8f4b\"><div class=\"blockart-container\"><div class=\"blockart-section-inner\">\n<div class=\"blockart-column blockart-column-9ff6855a\"><div class=\"blockart-column-inner\">\n<p class=\"blockart-paragraph blockart-paragraph-de7dbfcd\">Kuruldu\u011fu y\u0131llarda ila\u00e7 ve g\u0131da sekt\u00f6r\u00fcndeki firmalara plastik (vakum) seperat\u00f6r ve ambalaj malzemeleri tedari\u011finde bulunan BA\u015eAR Ambalaj, zaman i\u00e7erisinde gelen talepleri de\u011ferlendirerek ambalaj alan\u0131ndaki tecr\u00fcbelerini vakum te\u015fhir standlar\u0131 \u00fcretimine y\u00f6nlendirmi\u015ftir.<\/p>\n\n\n\n<p>90&#8217;l\u0131 y\u0131llara gelindi\u011finde, BA\u015eAR Ambalaj bu projelerden elde edilen maddi ve tecr\u00fcbe bazl\u0131 kazan\u0131mlar\u0131 ile tam te\u00e7hizatl\u0131 metal ve ah\u015fap i\u015fleme departmanlar\u0131n\u0131 da b\u00fcnyesine katarak m\u00fc\u015fterilerine daha geni\u015f bir yelpazede hizmet verebilir hale gelmi\u015ftir.<\/p>\n\n\n\n<p>BA\u015eAR Ambalaj g\u00fcven ve istikrara dayal\u0131 hizmet anlay\u0131\u015f\u0131 neticesinde 30 y\u0131ld\u0131r s\u00fcrd\u00fcrmekte oldu\u011fu faaliyetlerini g\u00fcn\u00fcm\u00fczde de geli\u015ftirerek devam ettirmektedir.<\/p>\n<\/div><\/div>\n<\/div><\/div><\/div>\n\n\n\n<div class=\"blockart-section blockart-section-2e69ecbb\"><div class=\"blockart-container\"><div class=\"blockart-section-inner\">\n<div class=\"blockart-column blockart-column-013c9c67\"><div class=\"blockart-column-inner\"><\/div><\/div>\n\n\n\n<div class=\"blockart-column blockart-column-cf0de680\"><div class=\"blockart-column-inner\">\n<h2 class=\"blockart-heading blockart-heading-3b0ddb89\">G\u00f6revimiz<\/h2>\n\n\n<\/div><\/div>\n\n\n\n<div class=\"blockart-column blockart-column-1d0cfb97\"><div class=\"blockart-column-inner\"><\/div><\/div>\n<\/div><\/div><\/div>\n\n\n\n<div class=\"blockart-section blockart-section-c6ea6a51\"><div class=\"blockart-container\"><div class=\"blockart-section-inner\">\n<div class=\"blockart-column blockart-column-d3e8fb46\"><div class=\"blockart-column-inner\">\n<h3 class=\"blockart-heading blockart-heading-aa9f2df7\">Business<\/h3>\n\n\n\n<p class=\"blockart-paragraph blockart-paragraph-4bbf359f\">Oolor sit amet, consectetur adipiscing elit. Lacus tempus et diam venenatis maecenas. Nulla elementum ac sed mauris. Et, ligula nec sit scelerisque amet. Dui pulvinar et neque a ultricies consectetur donec ultricies at. \u200b<\/p>\n<\/div><\/div>\n\n\n\n<div class=\"blockart-column blockart-column-7251f4d6\"><div class=\"blockart-column-inner\">\n<h3 class=\"blockart-heading blockart-heading-b3380f3a\">Marketing<\/h3>\n\n\n\n<p class=\"blockart-paragraph blockart-paragraph-bdb7bf36\">Amet, consectetur adipiscing elit. Lacus tempus et diamae ve nenatis maecenas. Nulla elementum ac sed mauris. Et, ligulas nec sit scelerisque amet. Dui pulvinar et neque a ultricies asod consectetur.<\/p>\n<\/div><\/div>\n<\/div><\/div><\/div>\n\n\n\n<div class=\"blockart-section blockart-section-9ade65a0\"><div class=\"blockart-container\"><div class=\"blockart-section-inner\">\n<div class=\"blockart-column blockart-column-9cd1395d\"><div class=\"blockart-column-inner\">\n<h3 class=\"blockart-heading blockart-heading-3c58fe65\">Higher Sales<\/h3>\n\n\n\n<p class=\"blockart-paragraph blockart-paragraph-a29c7121\">Oolor sit amet, consectetur adipiscing elit. Lacus tempus et diam venenatis maecenas. Nulla elementum ac sed mauris. Et, ligula nec sit scelerisque amet. Dui pulvinar et neque a ultricies consectetur donec ultricies at. \u200b<\/p>\n<\/div><\/div>\n\n\n\n<div class=\"blockart-column blockart-column-c0e0831e\"><div class=\"blockart-column-inner\">\n<h3 class=\"blockart-heading blockart-heading-bf956345\">Customer Satisfaction<\/h3>\n\n\n\n<p class=\"blockart-paragraph blockart-paragraph-8ce2a8e3\"> Amet, consectetur adipiscing elit. Lacus tempus et diamae ve nenatis maecenas. Nulla elementum ac sed mauris. Et, ligulas nec sit scelerisque amet. Dui pulvinar et neque a ultricies asod consectetur. <\/p>\n<\/div><\/div>\n<\/div><\/div><\/div>\n\n\n\n<div class=\"blockart-section blockart-section-d8a31c46\"><div class=\"blockart-container\"><div class=\"blockart-section-inner\">\n<div class=\"blockart-column blockart-column-997321c6\"><div class=\"blockart-column-inner\">\n<h2 class=\"blockart-heading blockart-heading-2627c2f8\">Sorular\u0131n\u0131z m\u0131 var?<\/h2>\n<\/div><\/div>\n\n\n\n<div class=\"blockart-column blockart-column-470f65cb\"><div class=\"blockart-column-inner\">\n<div class=\"blockart-buttons blockart-buttons-546cd20c is-wrap is-horizontal justify-right justify-center-sm\">\n<div class=\"blockart-button blockart-button-8586a099 \"><a class=\"blockart-button-link is-custom is-style-filled\" href=\"https:\/\/basarco.com.tr\/?page_id=582\">B\u0130ZE ULA\u015eIN<\/a><\/div>\n<\/div>\n<\/div><\/div>\n<\/div><\/div><\/div>\n\n\n\n<div class=\"blockart-section blockart-section-f453ba62\"><div class=\"blockart-container-fluid\"><div class=\"blockart-section-inner\">\n<div class=\"blockart-column blockart-column-5dabd232\"><div class=\"blockart-column-inner\">\n<figure class=\"blockart-image blockart-image-d94df48e\"><img decoding=\"async\" class=\"wp-image-459 hover-effect-static filter-none mask mask-none\" src=\"https:\/\/basarco.com.tr\/wp-content\/uploads\/2021\/12\/logo-wegmans-d.png\" alt=\"\" height=\"135\" width=\"200\"\/><\/figure>\n<\/div><\/div>\n\n\n\n<div class=\"blockart-column blockart-column-ad6cd62a\"><div class=\"blockart-column-inner\">\n<figure class=\"blockart-image blockart-image-3393d5de\"><img decoding=\"async\" class=\"wp-image-458 hover-effect-static filter-none mask mask-none\" src=\"https:\/\/basarco.com.tr\/wp-content\/uploads\/2021\/12\/logo-warehouse-c.png\" alt=\"\" height=\"135\" width=\"200\"\/><\/figure>\n<\/div><\/div>\n\n\n\n<div class=\"blockart-column blockart-column-84acbf7d\"><div class=\"blockart-column-inner\">\n<figure class=\"blockart-image blockart-image-f1202d10\"><img loading=\"lazy\" decoding=\"async\" class=\"wp-image-457 hover-effect-static filter-none mask mask-none\" src=\"https:\/\/basarco.com.tr\/wp-content\/uploads\/2021\/12\/logo-neuhaus-e.png\" alt=\"\" height=\"135\" width=\"200\"\/><\/figure>\n<\/div><\/div>\n\n\n\n<div class=\"blockart-column blockart-column-094ab86c\"><div class=\"blockart-column-inner\">\n<figure class=\"blockart-image blockart-image-468b23e6\"><img loading=\"lazy\" decoding=\"async\" class=\"wp-image-456 hover-effect-static filter-none mask mask-none\" src=\"https:\/\/basarco.com.tr\/wp-content\/uploads\/2021\/12\/logo-kiehls-f.png\" alt=\"\" height=\"135\" width=\"200\"\/><\/figure>\n<\/div><\/div>\n\n\n\n<div class=\"blockart-column blockart-column-72d2cf20\"><div class=\"blockart-column-inner\">\n<figure class=\"blockart-image blockart-image-2df15e3d\"><img loading=\"lazy\" decoding=\"async\" class=\"wp-image-455 hover-effect-static filter-none mask mask-none\" src=\"https:\/\/basarco.com.tr\/wp-content\/uploads\/2021\/12\/logo-coast-b.png\" alt=\"\" height=\"135\" width=\"200\"\/><\/figure>\n<\/div><\/div>\n<\/div><\/div><\/div>\n\n\n\n<div class=\"blockart-section blockart-section-d8bb7b25\"><div class=\"blockart-container\"><div class=\"blockart-section-inner\">\n<div class=\"blockart-column blockart-column-e70448c7\"><div class=\"blockart-column-inner\"><\/div><\/div>\n\n\n\n<div class=\"blockart-column blockart-column-716dcbed\"><div class=\"blockart-column-inner\">\n<figure class=\"blockart-image blockart-image-41c122c1\"><a href=\"https:\/\/www.facebook.com\/zakratheme\"><img loading=\"lazy\" decoding=\"async\" class=\"wp-image-516 hover-effect-static filter-none mask mask-none\" src=\"https:\/\/basarco.com.tr\/wp-content\/uploads\/2021\/12\/fav_icon1.png\" alt=\"\" height=\"40\" width=\"33\"\/><\/a><\/figure>\n<\/div><\/div>\n\n\n\n<div class=\"blockart-column blockart-column-b0322e25\"><div class=\"blockart-column-inner\">\n<figure class=\"blockart-image blockart-image-9ad0c8b0\"><a href=\"https:\/\/twitter.com\/zakratheme\/\"><img loading=\"lazy\" decoding=\"async\" class=\"wp-image-525 hover-effect-static filter-none mask mask-none\" src=\"https:\/\/basarco.com.tr\/wp-content\/uploads\/2021\/12\/icon2.png\" alt=\"\" height=\"34\" width=\"33\"\/><\/a><\/figure>\n<\/div><\/div>\n\n\n\n<div class=\"blockart-column blockart-column-7fe6faa4\"><div class=\"blockart-column-inner\">\n<figure class=\"blockart-image blockart-image-e8b7db51\"><a href=\"https:\/\/www.pinterest.co.uk\/themegrill\"><img loading=\"lazy\" decoding=\"async\" class=\"wp-image-556 hover-effect-static filter-none mask mask-none\" src=\"https:\/\/basarco.com.tr\/wp-content\/uploads\/2021\/12\/fav_icon5.png\" alt=\"\" height=\"33\" width=\"33\"\/><\/a><\/figure>\n<\/div><\/div>\n\n\n\n<div class=\"blockart-column blockart-column-3ce79db4\"><div class=\"blockart-column-inner\">\n<figure class=\"blockart-image blockart-image-8b2e1c55\"><a href=\"https:\/\/www.youtube.com\/channel\/UCxxUb-k2cT43fNXY-V39LXw\"><img loading=\"lazy\" decoding=\"async\" class=\"wp-image-558 hover-effect-static filter-none mask mask-none\" src=\"https:\/\/basarco.com.tr\/wp-content\/uploads\/2021\/12\/icon4.png\" alt=\"\" height=\"33\" width=\"36\"\/><\/a><\/figure>\n<\/div><\/div>\n\n\n\n<div class=\"blockart-column blockart-column-b947f356\"><div class=\"blockart-column-inner\">\n<figure class=\"blockart-image blockart-image-ef4893ac\"><a href=\"https:\/\/www.linkedin.com\/company\/themegrill-pvt.-ltd.\/\"><img loading=\"lazy\" decoding=\"async\" class=\"wp-image-559 hover-effect-static filter-none mask mask-none\" src=\"https:\/\/basarco.com.tr\/wp-content\/uploads\/2021\/12\/icon5.png\" alt=\"\" height=\"36\" width=\"35\"\/><\/a><\/figure>\n<\/div><\/div>\n\n\n\n<div class=\"blockart-column blockart-column-ce805f44\"><div class=\"blockart-column-inner\"><\/div><\/div>\n<\/div><\/div><\/div>\n","protected":false},"excerpt":{"rendered":"","protected":false},"author":1,"featured_media":0,"parent":0,"menu_order":0,"comment_status":"closed","ping_status":"closed","template":"page-templates\/pagebuilder.php","meta":{"zakra_page_container_layout":"customizer","zakra_page_sidebar_layout":"customizer","zakra_remove_content_margin":true,"zakra_sidebar":"customizer","zakra_transparent_header":"customizer","zakra_logo":0,"zakra_main_header_style":"default","zakra_menu_item_color":"","zakra_menu_item_hover_color":"#000000","zakra_menu_item_active_color":"#23ab70","zakra_menu_active_style":"","zakra_page_header":true,"footnotes":""},"class_list":["post-563","page","type-page","status-publish","hentry"],"_links":{"self":[{"href":"https:\/\/basarco.com.tr\/index.php?rest_route=\/wp\/v2\/pages\/563","targetHints":{"allow":["GET"]}}],"collection":[{"href":"https:\/\/basarco.com.tr\/index.php?rest_route=\/wp\/v2\/pages"}],"about":[{"href":"https:\/\/basarco.com.tr\/index.php?rest_route=\/wp\/v2\/types\/page"}],"author":[{"embeddable":true,"href":"https:\/\/basarco.com.tr\/index.php?rest_route=\/wp\/v2\/users\/1"}],"replies":[{"embeddable":true,"href":"https:\/\/basarco.com.tr\/index.php?rest_route=%2Fwp%2Fv2%2Fcomments&post=563"}],"version-history":[{"count":13,"href":"https:\/\/basarco.com.tr\/index.php?rest_route=\/wp\/v2\/pages\/563\/revisions"}],"predecessor-version":[{"id":1229,"href":"https:\/\/basarco.com.tr\/index.php?rest_route=\/wp\/v2\/pages\/563\/revisions\/1229"}],"wp:attachment":[{"href":"https:\/\/basarco.com.tr\/index.php?rest_route=%2Fwp%2Fv2%2Fmedia&parent=563"}],"curies":[{"name":"wp","href":"https:\/\/api.w.org\/{rel}","templated":true}]}}